 the units digit of s?
3
Let i = -98 - -38. What is the units digit of i/(-8)*(-6)/(-5)?
9
Let k(i) = -3*i + 2. Let n be (0 + (-2)/1)*1. Let f be k(n). Let g(r) = r**3 - 8*r**2 + 2*r - 12. What is the units digit of g(f)?
4
Suppose 4*s - 260 = -0*s. What is the units digit of s?
5
Suppose -1 = 77*g - 76*g. Let c(i) = 5*i + 2. Let z be c(-3). What is the tens digit of -5 + 2 + z/g?
1
Let s = 12 - -34. What is the tens digit of s?
4
Let f be 5/(-2)*6/(-5). Suppose -2*y + 45 = 3*y. Suppose -f*c + y = -0*c. What is the units digit of c?
3
What is the tens digit of 4/16 + (-1126)/(-8)?
4
Let u = 45 + -113. Let k = 114 + u. Suppose -3*s + 6 = 3*c - 24, k = 5*c + 4*s. What is the units digit of c?
6
Let b be 2/3 + 49/3. Suppose 5*j - 45 = -5*w, -7*j - 4 = -4*w - 3*j. Suppose -3*m + w*o = -32, 0 = 2*m - 0*o + o - b. What is the units digit of m?
9
Let d = -4 + 6. Let o be 12 - 2/(d - 0). Suppose 4*l = o - 3. What is the units digit of l?
2
Let i(z) be the second derivative of z**4/2 + 5*z**3/6 + z**2/2 - 6*z. What is the units digit of i(-3)?
0
Let y be ((-12)/15)/((-2)/10). Suppose -6*m + m + 80 = 5*q, 5*m = -y*q + 59. What is the units digit of q?
1
Let l(w) = -2*w**2 + 3*w + 4. Let x(k) = -k**2 + 2*k + 2. Let g(v) = 3*l(v) - 5*x(v). What is the units digit of g(0)?
2
Let n(v) = v**3 - 2*v**2 + 5*v + 9. What is the tens digit of n(6)?
8
What is the units digit of (-1253)/(-14) - (2 - (-6)/(-4))?
9
Let g(h) = -2*h - 9. Suppose v = -3*v + 16. Suppose 7*y + 39 = v*y. What is the units digit of g(y)?
7
Suppose 0 = 2*w + 3*w + 20. Let a be (5 + w)*(0 - -5). Suppose a*n = 3 + 17. What is the units digit of n?
4
Let l(t) = 5*t - 3. What is the tens digit of l(8)?
3
Let d(r) = r**2 - 12*r + 7. What is the units digit of d(12)?
7
Let b = 9 + -6. Suppose 4*v + b*l - 18 = 0, -2*l + 1 = -v - 0*l. What is the units digit of v?
3
Let o(k) = -2*k**2 - 14*k + 1. What is the tens digit of o(-6)?
1
Suppose -r + 7*w - 2*w + 55 = 0, 2*r - 3*w - 145 = 0. What is the tens digit of r?
8
Suppose -v + 3 + 2 = 2*s, 0 = -2*v - 5*s + 12. Let k(j) = 4*j**2 + 2*j - 2. What is the units digit of k(v)?
4
What is the units digit of (-587)/(-13) - 8/52?
5
Let t(i) = -9*i - 6. What is the units digit of t(-4)?
0
Let m(f) = f - 1. Let g be m(-1). What is the tens digit of (-4 + 1 - -26) + g?
2
What is the units digit of (-4 - -5 - -1) + 3?
5
Let v(h) = -h**2 - 13*h - 4. What is the units digit of v(-10)?
6
Suppose 1124 = 14*b - 1130. What is the tens digit of b?
6
Let w(n) = -8*n**2 - n + 1. Let o be w(1). Let g = o - -16. Let i = 12 - g. What is the units digit of i?
4
Let r be (-15)/(-6) - (-2)/(-4). Suppose -r*i + 28 = -i. What is the tens digit of i?
2
Suppose q - 18 = 3*q + y, -18 = 2*q - 3*y. Let v = 0 - q. Suppose -5 - v = -2*a. What is the units digit of a?
7
Suppose 10 = 4*z - 34. Suppose 7*o + 64 = z*o. What is the units digit of o?
6
Let h = -73 + 110. What is the tens digit of h?
3
Let c(b) be the first derivative of -b**2/2 + 14*b + 3. Let h be c(6). Suppose u + 12 = 5*v - 3*v, -4*u = 2*v + h. What is the units digit of v?
4
Suppose -16*x = -17*x + 119. What is the tens digit of x?
1
Let d = 16 + -4. Let t(u) = 2*u + 3. What is the units digit of t(d)?
7
What is the units digit of 552/18 + (-1)/(-3)?
1
What is the tens digit of (-564)/(-15)*(3 - 13)/(-2)?
8
Let w be -3 - (-8 - (1 - 2)). Suppose -4*h - 4*y + 61 = y, 4 = w*y. What is the units digit of h?
4
Let h be (-48)/(-6)*(0 + -1). What is the tens digit of (-20 - 0)*6/h?
1
Suppose 3*i + 3 = 2*w, i - 2 + 1 = 0. Suppose -2*k = 8*s - w*s - 24, 3*k - 31 = -5*s. What is the units digit of k?
7
Let k(w) = w**2 + 7*w - 8. Let b be k(-8). Suppose -2*g + 28 = -b*t + 3*t, -49 = -4*t - 5*g. What is the units digit of t?
6
Let j = 26 + 189. What is the hundreds digit of j?
2
Suppose -k + 5*k + 2*w = -590, -5*k - 736 = 4*w. Let a = -105 - k. What is the units digit of a?
3
Let m(i) = 5*i - 3 - i - 3*i. What is the units digit of m(6)?
3
Let d be 1604/20 + 2/(-10). Suppose -f + d = 4*f. What is the tens digit of f?
1
Suppose -1232 = s - 8*s. What is the tens digit of s?
7
Suppose 7*b - 211 = 195. What is the units digit of b?
8
What is the units digit of (-1)/4 + (-686)/(-56)?
2
Let t = -10 - -10. Suppose t = w - 4*o - 16, -w + 4*o = -o - 20. Suppose w*z = 2*z - 6. What is the units digit of z?
3
Suppose -6*s = -2*s + 32. What is the units digit of (s/(-12))/((-1)/(-60))?
0
Let v be 1 + -3 + 8 + -13. What is the units digit of (4/v)/((-1)/7)?
4
Suppose -2*h - 2*h = -12. Let u(r) = 8 + 3*r - r**h - 3*r. What is the units digit of u(0)?
8
What is the units digit of (-33)/(-44)*(0 + 8)?
6
Let l(r) = -r**2 - 11*r - 8. Let v be l(-10). Let m be (1 - 2)/(-1 + v). Let p = m + 13. What is the tens digit of p?
1
Suppose -33 = -3*g - 9. Suppose h - g + 22 = 5*f, h = 1. Suppose -f = -4*u + 5. What is the units digit of u?
2
Let v(y) = -y - 1. What is the units digit of v(-3)?
2
Let w = -173 + 296. What is the hundreds digit of w?
1
Suppose 3*k - 56 = y, 3*k + 0*k - 5*y - 76 = 0. What is the units digit of k?
7
Let w = 15 - 9. What is the units digit of w?
6
Let t = 18 - 7. What is the tens digit of t?
1
Suppose -5*f + 0*f + 25 = -5*n, 0 = -f - n + 1. Suppose -w + 6 = -5*l, 0 = -w + f*l - 7*l + 15. What is the tens digit of w?
1
Let d(a) = a**2 + 1 + 0 - 5*a - 5 + 1. What is the units digit of d(6)?
3
Let a = 2 + -2. What is the units digit of a - 0 - (-8 + 2)?
6
Let c(w) = w**3 + w + 60. What is the tens digit of c(0)?
6
Let c be (-8)/8 - (-1 + -5). What is the units digit of -3 + (-3 + c - -6)?
5
Let m = 30 - 20. Let i be (8/m)/(1/5). What is the units digit of 12/15 - i/(-20)?
1
Let a(k) = 2*k**3 - 4*k**2 + 4*k - 3. Let p = -3 - -7. Let j be ((-4)/(-3))/(p/6). What is the units digit of a(j)?
5
Let v = -81 + 245. What is the units digit of v?
4
Let z = -3 + -3. Let o(c) = -3*c + 5. What is the tens digit of o(z)?
2
Let b = -19 - -32. Let g = b + -6. What is the units digit of g?
7
Suppose 4*g + 40 = 2*z - z, 0 = -z - 3*g + 68. What is the units digit of z?
6
Let d(m) = m**2 + 2*m + 6. Let c be d(-4). Let k(n) = n**2 + 11*n + 12. Let o be k(-8). What is the units digit of (-1)/(1 + c/o)?
6
Suppose -12 = -0*r - 4*r. Suppose b - r*b = 4*k - 52, -2*k = 2*b - 24. What is the tens digit of k?
1
Suppose 4*q + 7*n - 125 = 2*n, -5*n + 50 = q. Suppose 8*l = 3*l + q. Suppose 3*h = u + 11, -l = -3*u - 2*h + 6. What is the units digit of u?
1
Let r = -77 - -140. What is the units digit of r?
3
Suppose -4*r + 30 = 3*x + r, -4*x + r = -17. Suppose 0 = i - x*v - 16, 3*i + 9 = -2*v - 2*v. What is the units digit of i?
1
What is the units digit of (-216)/(28/(-8) - -2)?
4
What is the units digit of -66*((-6)/2)/9?
2
Let o(k) = -k**3 - 6*k**2 - 7*k - 4. Suppose -4*q = -z - 2*z + 29, -2*q - 5*z = -5. Let b be o(q). What is the units digit of (27*b/9)/1?
8
Let z(j) = j - 3*j - 2 - j. Let n be z(-2). What is the units digit of (1 + 0)/(1/n)?
4
Let w be (0 - -2)*(-6 + 1). Let l = w - -17. Let y = l - -5. What is the units digit of y?
2
Suppose r - 3*r = 0. Suppose a + a = -10. Let z = r - a. What is the units digit of z?
5
Suppose -5*g + 186 + 14 = 0. Suppose 8*z = -2*o + 4*z + g, 0 = -o - 4*z + 20. What is the units digit of o?
0
Suppose 5*f + 4*u - 3 = 0, -5*f - u + 3 = -9. Suppose 4*p = -w + f*w - 444, 4*w = -8. What is the tens digit of (-1)/5 + p/(-10)?
1
Let u = -15 - -25. Let i = u - 7. What is the units digit of i?
3
Let z(h) = h - 7*h**2 - 6 + 4 - 5*h - h**3 + 2*h. What is the tens digit of z(-7)?
1
Let s(a) = a**2 + a - 5. Let q(l) = -l**3 + 7*l**2 + 9*l - 3. Let k be q(8). Suppose -k = 5*j, -4*j = -3*f + 8*f + 24. What is the units digit of s(f)?
7
Let w = 393 + -271. What is the tens digit of w?
2
Let l = -15 + 9. What is the units digit of l/(-4)*(-4)/(-3)?
2
Suppose -2*y - 2*y - 24 = 0. Let n = y - -11. What is the units digit of n?
5
Let o = 13 - 9. Suppose -3*r = -43 + o. What is the tens digit of r?
1
Suppose 0 = -9*z + 12*z - 345. What is the tens digit of z?
1
Let h be (-6)/3 + (78 - -1). Let j = h - 27. What is the units digit of j?
0
Suppose -3*l - 4*x + 44 = 0, 0*x - 1 = x. Suppose -4*u + 4*n = -76, -29 = -2*u - 2*n + 25. Suppose -l - u = -3*i. What is the tens digit of i?
1
Let n(d) = d - 2. Let y be n(-6). Let v(m) = -4*m - 13*m**2 + 